{"id":6186,"date":"2026-05-13T14:58:55","date_gmt":"2026-05-13T14:58:55","guid":{"rendered":"https:\/\/notariaortiz.cl\/?page_id=6186"},"modified":"2026-05-13T15:43:03","modified_gmt":"2026-05-13T15:43:03","slug":"formulario-anonimo","status":"publish","type":"page","link":"https:\/\/notariaortiz.cl\/index.php\/formulario-anonimo\/","title":{"rendered":"Canal de Denuncias"},"content":{"rendered":"<section class=\"l-section wpb_row height_medium\"><div class=\"l-section-h i-cf\"><div class=\"g-cols vc_row type_default valign_top\"><div class=\"vc_col-sm-12 wpb_column vc_column_container\"><div class=\"vc_column-inner\"><div class=\"wpb_wrapper\"><h1 class=\"w-text us_custom_eb849559\"><span class=\"w-text-h\"><span class=\"w-text-value\"> Canal de Denuncias<\/span><\/span><\/h1><div class=\"wpb_text_column\" ><div class=\"wpb_wrapper\"><p>La informaci\u00f3n que nos entregue ser\u00e1 manejada con absoluta confidencialidad y solo se usar\u00e1 para analizar y verificar lo denunciado dentro de la notar\u00eda. No es obligatorio que usted se identifique; si lo hace de forma voluntaria, su identidad ser\u00e1 protegida seg\u00fan la ley. Revisaremos cada denuncia y, si hay antecedentes suficientes, iniciaremos los procedimientos internos necesarios. La notar\u00eda no aplicar\u00e1 represalias a quienes denuncien de buena fe y tomar\u00e1 las medidas necesarias para proteger el proceso y a todas las personas involucradas.<\/p>\n<\/div><\/div><\/div><\/div><\/div><\/div><\/div><\/section><section class=\"l-section wpb_row us_custom_b03640aa height_medium\"><div class=\"l-section-h i-cf\"><div class=\"g-cols vc_row type_default valign_top\"><div class=\"vc_col-sm-2 wpb_column vc_column_container\"><div class=\"vc_column-inner\"><div class=\"wpb_wrapper\"><\/div><\/div><\/div><div class=\"vc_col-sm-8 wpb_column vc_column_container\"><div class=\"vc_column-inner\"><div class=\"wpb_wrapper\">\n<div class=\"wpcf7 no-js\" id=\"wpcf7-f6185-o1\" lang=\"es-ES\" dir=\"ltr\" data-wpcf7-id=\"6185\">\n<div class=\"screen-reader-response\"><p role=\"status\" aria-live=\"polite\" aria-atomic=\"true\"><\/p> <ul><\/ul><\/div>\n<form action=\"\/index.php\/wp-json\/wp\/v2\/pages\/6186#wpcf7-f6185-o1\" method=\"post\" class=\"wpcf7-form init\" aria-label=\"Formulario de contacto\" enctype=\"multipart\/form-data\" novalidate=\"novalidate\" data-status=\"init\">\n<fieldset class=\"hidden-fields-container\"><input type=\"hidden\" name=\"_wpcf7\" value=\"6185\" \/><input type=\"hidden\" name=\"_wpcf7_version\" value=\"6.1.5\" \/><input type=\"hidden\" name=\"_wpcf7_locale\" value=\"es_ES\" \/><input type=\"hidden\" name=\"_wpcf7_unit_tag\" value=\"wpcf7-f6185-o1\" \/><input type=\"hidden\" name=\"_wpcf7_container_post\" value=\"0\" \/><input type=\"hidden\" name=\"_wpcf7_posted_data_hash\" value=\"\" \/><input type=\"hidden\" name=\"_wpcf7_recaptcha_response\" value=\"\" \/>\n<\/fieldset>\n<p><label> Fecha del hecho:<br \/>\n<span class=\"wpcf7-form-control-wrap\" data-name=\"date-155\"><input class=\"wpcf7-form-control wpcf7-date wpcf7-validates-as-required wpcf7-validates-as-date\" aria-required=\"true\" aria-invalid=\"false\" value=\"\" type=\"date\" name=\"date-155\" \/><\/span><\/label>\n<\/p>\n<p><label> Lugar del hecho:<br \/>\n<span class=\"wpcf7-form-control-wrap\" data-name=\"your-lugar\"><input size=\"40\" maxlength=\"400\" class=\"wpcf7-form-control wpcf7-text wpcf7-validates-as-required\" aria-required=\"true\" aria-invalid=\"false\" value=\"\" type=\"text\" name=\"your-lugar\" \/><\/span> <\/label>\n<\/p>\n<p><label> Personas involucradas:<br \/>\n<span class=\"wpcf7-form-control-wrap\" data-name=\"your-personas\"><input size=\"40\" maxlength=\"400\" class=\"wpcf7-form-control wpcf7-text wpcf7-validates-as-required\" aria-required=\"true\" aria-invalid=\"false\" value=\"\" type=\"text\" name=\"your-personas\" \/><\/span> <\/label>\n<\/p>\n<p><label> \u00bfSigue ocurriendo?<br \/>\n<span class=\"wpcf7-form-control-wrap\" data-name=\"select-938\"><select class=\"wpcf7-form-control wpcf7-select wpcf7-validates-as-required\" aria-required=\"true\" aria-invalid=\"false\" name=\"select-938\"><option value=\"\">Seleccione<\/option><option value=\"Si\">Si<\/option><option value=\"No\">No<\/option><option value=\"No lo se\">No lo se<\/option><\/select><\/span><\/label>\n<\/p>\n<p><label> \u00bfAlguien m\u00e1s sabe? (opcional):<br \/>\n<span class=\"wpcf7-form-control-wrap\" data-name=\"your-sabe\"><input size=\"40\" maxlength=\"400\" class=\"wpcf7-form-control wpcf7-text\" aria-invalid=\"false\" value=\"\" type=\"text\" name=\"your-sabe\" \/><\/span> <\/label>\n<\/p>\n<p><label> Canal de contacto (opcional):<br \/>\n<span class=\"wpcf7-form-control-wrap\" data-name=\"your-contacto\"><input size=\"40\" maxlength=\"400\" class=\"wpcf7-form-control wpcf7-text\" aria-invalid=\"false\" placeholder=\"Ej: correo an\u00f3nimo, tel\u00e9fono, etc.\" value=\"\" type=\"text\" name=\"your-contacto\" \/><\/span> <\/label>\n<\/p>\n<p><label> Descripci\u00f3n de los hechos:<br \/>\n<span class=\"wpcf7-form-control-wrap\" data-name=\"your-message\"><textarea cols=\"40\" rows=\"10\" maxlength=\"2000\" class=\"wpcf7-form-control wpcf7-textarea wpcf7-validates-as-required\" aria-required=\"true\" aria-invalid=\"false\" name=\"your-message\"><\/textarea><\/span> <\/label>\n<\/p>\n<p><label>Pruebas (adjuntar archivo m\u00e1ximo 10mb):<br \/>\n<span class=\"wpcf7-form-control-wrap\" data-name=\"file-412\"><input size=\"40\" class=\"wpcf7-form-control wpcf7-file wpcf7-validates-as-required\" accept=\"audio\/*,video\/*,image\/*,.pdf,.txt,.doc,.docx\" aria-required=\"true\" aria-invalid=\"false\" type=\"file\" name=\"file-412\" \/><\/span> <\/label>\n<\/p>\n<p><input class=\"wpcf7-form-control wpcf7-submit has-spinner\" type=\"submit\" value=\"Enviar denuncia an\u00f3nima\" \/>\n<\/p><div class=\"wpcf7-response-output\" aria-hidden=\"true\"><\/div>\n<\/form>\n<\/div>\n<\/div><\/div><\/div><div class=\"vc_col-sm-2 wpb_column vc_column_container\"><div class=\"vc_column-inner\"><div class=\"wpb_wrapper\"><\/div><\/div><\/div><\/div><\/div><\/section>\n","protected":false},"excerpt":{"rendered":"Canal de DenunciasLa informaci\u00f3n que nos entregue ser\u00e1 manejada con absoluta confidencialidad y solo se usar\u00e1 para analizar y verificar lo denunciado dentro de la notar\u00eda. No es obligatorio que usted se identifique; si lo hace de forma voluntaria, su identidad ser\u00e1 protegida seg\u00fan la ley. Revisaremos cada denuncia y, si hay antecedentes suficientes, iniciaremos...","protected":false},"author":2,"featured_media":0,"parent":0,"menu_order":0,"comment_status":"closed","ping_status":"closed","template":"","meta":{"footnotes":""},"class_list":["post-6186","page","type-page","status-publish","hentry"],"_links":{"self":[{"href":"https:\/\/notariaortiz.cl\/index.php\/wp-json\/wp\/v2\/pages\/6186","targetHints":{"allow":["GET"]}}],"collection":[{"href":"https:\/\/notariaortiz.cl\/index.php\/wp-json\/wp\/v2\/pages"}],"about":[{"href":"https:\/\/notariaortiz.cl\/index.php\/wp-json\/wp\/v2\/types\/page"}],"author":[{"embeddable":true,"href":"https:\/\/notariaortiz.cl\/index.php\/wp-json\/wp\/v2\/users\/2"}],"replies":[{"embeddable":true,"href":"https:\/\/notariaortiz.cl\/index.php\/wp-json\/wp\/v2\/comments?post=6186"}],"version-history":[{"count":4,"href":"https:\/\/notariaortiz.cl\/index.php\/wp-json\/wp\/v2\/pages\/6186\/revisions"}],"predecessor-version":[{"id":6192,"href":"https:\/\/notariaortiz.cl\/index.php\/wp-json\/wp\/v2\/pages\/6186\/revisions\/6192"}],"wp:attachment":[{"href":"https:\/\/notariaortiz.cl\/index.php\/wp-json\/wp\/v2\/media?parent=6186"}],"curies":[{"name":"wp","href":"https:\/\/api.w.org\/{rel}","templated":true}]}}