{"id":3988,"date":"2023-11-13T01:18:30","date_gmt":"2023-11-13T01:18:30","guid":{"rendered":"https:\/\/notariaortiz.cl\/?page_id=3988"},"modified":"2025-02-12T11:52:54","modified_gmt":"2025-02-12T11:52:54","slug":"verificacion-de-documentos","status":"publish","type":"page","link":"https:\/\/notariaortiz.cl\/index.php\/verificacion-de-documentos\/","title":{"rendered":"Verificaci\u00f3n de documentos"},"content":{"rendered":"<section class=\"l-section wpb_row height_medium with_img parallax_fixed with_overlay\"><div class=\"l-section-img\" style=\"background-image: url(https:\/\/notariaortiz.cl\/wp-content\/uploads\/2023\/10\/PATRON-LOGOS-GLORIA-ORTIZ-CORREGIDO.png);\" data-img-width=\"4000\" data-img-height=\"6496\"><\/div><div class=\"l-section-overlay\" style=\"background: rgba(255,255,255,0.45)\"><\/div><div class=\"l-section-h i-cf\"><div class=\"g-cols vc_row type_default valign_top\"><div class=\"vc_col-sm-12 wpb_column vc_column_container\"><div class=\"vc_column-inner\"><div class=\"wpb_wrapper\"><h1 class=\"w-text us_custom_f69f0f61 has_text_color\"><span class=\"w-text-h\"><span class=\"w-text-value\">Verificaci\u00f3n de Documentos<\/span><\/span><\/h1><div class=\"wpb_text_column\" ><div class=\"wpb_wrapper\"><p>Esta herramienta est\u00e1 dise\u00f1ada con el fin de verificar documentos que fueron emitidos de manera electr\u00f3nica. Para validar su documento, por favor seleccione el nombre de la notar\u00eda donde se emiti\u00f3 el documento e ingrese el numero de documento electr\u00f3nico.<\/p>\n<\/div><\/div><div class=\"w-separator size_small\"><\/div>[vc_raw_html css=\u00bb%7B%22default%22%3A%7B%22background-color%22%3A%22%23ffffff%22%7D%7D\u00bb]JTVCYWR2YW5jZWRfaWZyYW1lJTIwc3JjJTNEJTIyaHR0cHMlM0ElMkYlMkZ3d3cuaW50ZXIuZm9qYXMuY2wlMkZmcmFtZV9kZXNjYXJnYV9lLnBocCUyMiUyMHdpZHRoJTNEJTIyMTAwJTI1JTIyJTIwaGVpZ2h0JTNEJTIyNjAwJTIyJTVE[\/vc_raw_html]<\/div><\/div><\/div><\/div><\/div><\/section>\n","protected":false},"excerpt":{"rendered":"Verificaci\u00f3n de DocumentosEsta herramienta est\u00e1 dise\u00f1ada con el fin de verificar documentos que fueron emitidos de manera electr\u00f3nica. Para validar su documento, por favor seleccione el nombre de la notar\u00eda donde se emiti\u00f3 el documento e ingrese el numero de documento electr\u00f3nico. [vc_raw_html css=\"%7B%22default%22%3A%7B%22background-color%22%3A%22%23ffffff%22%7D%7D\"]JTVCYWR2YW5jZWRfaWZyYW1lJTIwc3JjJTNEJTIyaHR0cHMlM0ElMkYlMkZ3d3cuaW50ZXIuZm9qYXMuY2wlMkZmcmFtZV9kZXNjYXJnYV9lLnBocCUyMiUyMHdpZHRoJTNEJTIyMTAwJTI1JTIyJTIwaGVpZ2h0JTNEJTIyNjAwJTIyJTVE[\/vc_raw_html]","protected":false},"author":2,"featured_media":0,"parent":0,"menu_order":0,"comment_status":"closed","ping_status":"closed","template":"","meta":{"footnotes":""},"class_list":["post-3988","page","type-page","status-publish","hentry"],"_links":{"self":[{"href":"https:\/\/notariaortiz.cl\/index.php\/wp-json\/wp\/v2\/pages\/3988","targetHints":{"allow":["GET"]}}],"collection":[{"href":"https:\/\/notariaortiz.cl\/index.php\/wp-json\/wp\/v2\/pages"}],"about":[{"href":"https:\/\/notariaortiz.cl\/index.php\/wp-json\/wp\/v2\/types\/page"}],"author":[{"embeddable":true,"href":"https:\/\/notariaortiz.cl\/index.php\/wp-json\/wp\/v2\/users\/2"}],"replies":[{"embeddable":true,"href":"https:\/\/notariaortiz.cl\/index.php\/wp-json\/wp\/v2\/comments?post=3988"}],"version-history":[{"count":35,"href":"https:\/\/notariaortiz.cl\/index.php\/wp-json\/wp\/v2\/pages\/3988\/revisions"}],"predecessor-version":[{"id":5080,"href":"https:\/\/notariaortiz.cl\/index.php\/wp-json\/wp\/v2\/pages\/3988\/revisions\/5080"}],"wp:attachment":[{"href":"https:\/\/notariaortiz.cl\/index.php\/wp-json\/wp\/v2\/media?parent=3988"}],"curies":[{"name":"wp","href":"https:\/\/api.w.org\/{rel}","templated":true}]}}